{"id":49,"date":"2023-02-27T13:26:03","date_gmt":"2023-02-27T13:26:03","guid":{"rendered":"https:\/\/77.240.19.29\/~pureartfi\/?page_id=49"},"modified":"2025-01-28T08:49:58","modified_gmt":"2025-01-28T08:49:58","slug":"cad-cam","status":"publish","type":"page","link":"https:\/\/pureart.fi\/?page_id=49","title":{"rendered":"Digitaalinen ty\u00f6nkulku"},"content":{"rendered":"\n<div class=\"wp-block-buttons is-content-justification-center is-layout-flex wp-container-core-buttons-is-layout-16018d1d wp-block-buttons-is-layout-flex\">\n<div class=\"wp-block-button is-style-fill\"><a class=\"wp-block-button__link has-background wp-element-button\" href=\"https:\/\/pureart.fi\/wp-content\/uploads\/2024\/tyotilauskaavake.pdf\" style=\"border-radius:10px;background-color:#7a4a82\">Ty\u00f6tilauslomakkeeseen<\/a><\/div>\n<\/div>\n\n\n\n<div style=\"height:30px\" aria-hidden=\"true\" class=\"wp-block-spacer\"><\/div>\n\n\n\n<p><strong>Pyyd\u00e4 hinnasto<\/strong><\/p>\n\n\n<div class=\"wpforms-container wpforms-container-full\" id=\"wpforms-499\"><form id=\"wpforms-form-499\" class=\"wpforms-validate wpforms-form wpforms-ajax-form\" data-formid=\"499\" method=\"post\" enctype=\"multipart\/form-data\" action=\"\/index.php?rest_route=%2Fwp%2Fv2%2Fpages%2F49\" data-token=\"2be0c50383c8efb533a0385ea34267b1\" data-token-time=\"1777728820\"><noscript class=\"wpforms-error-noscript\">Please enable JavaScript in your browser to complete this form.<\/noscript><div class=\"wpforms-field-container\"><div id=\"wpforms-499-field_1-container\" class=\"wpforms-field wpforms-field-email\" data-field-id=\"1\"><label class=\"wpforms-field-label\" for=\"wpforms-499-field_1\">Sy\u00f6t\u00e4 s\u00e4hk\u00f6posti johon l\u00e4het\u00e4mme hinnaston <span class=\"wpforms-required-label\">*<\/span><\/label><input type=\"email\" id=\"wpforms-499-field_1\" class=\"wpforms-field-small wpforms-field-required\" name=\"wpforms[fields][1]\" spellcheck=\"false\" required><\/div><div id=\"wpforms-499-field_3-container\" class=\"wpforms-field wpforms-field-checkbox\" data-field-id=\"3\"><label class=\"wpforms-field-label\">Haluan hinnaston: <span class=\"wpforms-required-label\">*<\/span><\/label><ul id=\"wpforms-499-field_3\" class=\"wpforms-field-required\"><li class=\"choice-1 depth-1\"><input type=\"checkbox\" id=\"wpforms-499-field_3_1\" name=\"wpforms[fields][3][]\" value=\"Digitaalinen ty\u00f6nkulku\" required ><label class=\"wpforms-field-label-inline\" for=\"wpforms-499-field_3_1\">Digitaalinen ty\u00f6nkulku<\/label><\/li><li class=\"choice-2 depth-1\"><input type=\"checkbox\" id=\"wpforms-499-field_3_2\" name=\"wpforms[fields][3][]\" value=\"Perinteinen ty\u00f6nkulku\" required ><label class=\"wpforms-field-label-inline\" for=\"wpforms-499-field_3_2\">Perinteinen ty\u00f6nkulku<\/label><\/li><li class=\"choice-3 depth-1\"><input type=\"checkbox\" id=\"wpforms-499-field_3_3\" name=\"wpforms[fields][3][]\" value=\"Alihankintahinnasto\" required ><label class=\"wpforms-field-label-inline\" for=\"wpforms-499-field_3_3\">Alihankintahinnasto<\/label><\/li><\/ul><\/div><\/div><!-- .wpforms-field-container --><div class=\"wpforms-submit-container\" ><input type=\"hidden\" name=\"wpforms[id]\" value=\"499\"><input type=\"hidden\" name=\"page_title\" value=\"\"><input type=\"hidden\" name=\"page_url\" value=\"https:\/\/pureart.fi\/index.php?rest_route=%2Fwp%2Fv2%2Fpages%2F49\"><button type=\"submit\" name=\"wpforms[submit]\" id=\"wpforms-submit-499\" class=\"wpforms-submit submitnappula\" data-alt-text=\"L\u00e4hetet\u00e4\u00e4n...\" data-submit-text=\"L\u00e4het\u00e4\" aria-live=\"assertive\" value=\"wpforms-submit\">L\u00e4het\u00e4<\/button><img loading=\"lazy\" decoding=\"async\" src=\"https:\/\/pureart.fi\/wp-content\/plugins\/wpforms-lite\/assets\/images\/submit-spin.svg\" class=\"wpforms-submit-spinner\" style=\"display: none;\" width=\"26\" height=\"26\" alt=\"Loading\"><\/div><\/form><\/div>  <!-- .wpforms-container -->\n\n\n\n<div style=\"height:20px\" aria-hidden=\"true\" class=\"wp-block-spacer\"><\/div>\n\n\n\n<p>Hammaslaboratoriossa k\u00e4yt\u00f6ss\u00e4mme on kolme huippulaadukasta jyrsint\u00e4 ja 3D-tulostin, joiden avulla valmistamme t\u00f6it\u00e4 useista eri materiaaleista. Teemme jyrsint\u00e4-, printtaus- ja CAD-suunnittelut\u00f6it\u00e4 my\u00f6s alihankintana.<\/p>\n\n\n\n<p>K\u00e4yt\u00e4mme t\u00f6iss\u00e4 vain CE- hyv\u00e4ksyttyj\u00e4 ja yleisesti laadukkaiksi todettuja materiaaleja mm. seuraavilta valmistajilta: Straumann, Medentika, Ivoclar Vivadent, ZirkonZahn, Vita, Gc.<\/p>\n\n\n\n<div style=\"height:20px\" aria-hidden=\"true\" class=\"wp-block-spacer\"><\/div>\n\n\n\n<div class=\"wp-block-media-text has-media-on-the-right is-stacked-on-mobile\" style=\"grid-template-columns:auto 30%\"><div class=\"wp-block-media-text__content\">\n<p>CAD-suunnittelussa k\u00e4yt\u00e4mme 3Shape-ohjelmistoa.<\/p>\n<\/div><figure class=\"wp-block-media-text__media\"><img loading=\"lazy\" decoding=\"async\" width=\"300\" height=\"63\" src=\"https:\/\/pureart.fi\/wp-content\/uploads\/2024\/11\/3shape-300x63-1.jpg\" alt=\"\" class=\"wp-image-532 size-full\"\/><\/figure><\/div>\n\n\n\n<hr class=\"wp-block-separator has-alpha-channel-opacity\"\/>\n\n\n\n<div class=\"wp-block-group\"><div class=\"wp-block-group__inner-container is-layout-constrained wp-block-group-is-layout-constrained\">\n<p>Voit muodostaa yhteyden meihin ja l\u00e4hett\u00e4\u00e4 intraoraaliskannauksia useassa eri portaalissa:<\/p>\n<\/div><\/div>\n\n\n\n<ul class=\"wp-block-list\">\n<li>3Shape Communicate&nbsp;<\/li>\n\n\n\n<li>Romexis Cloud&nbsp;<\/li>\n\n\n\n<li>Sirona Connect Case Center&nbsp;&nbsp;&nbsp;&nbsp;<\/li>\n\n\n\n<li>Medit Link&nbsp;&nbsp;<\/li>\n\n\n\n<li>Skannaukset stl. tai dcm. tiedostomuodossa osoitteeseen <a href=\"mailto:cadcam@pureart.fi\">cadcam@pureart.fi<\/a><\/li>\n\n\n\n<li>Itero portaali<\/li>\n<\/ul>\n\n\n\n<hr class=\"wp-block-separator has-alpha-channel-opacity\"\/>\n\n\n\n<div class=\"wp-block-media-text has-media-on-the-right\" style=\"grid-template-columns:auto 15%\"><div class=\"wp-block-media-text__content\">\n<div style=\"height:15px\" aria-hidden=\"true\" class=\"wp-block-spacer\"><\/div>\n\n\n\n<p>Kun haluat l\u00e4hett\u00e4\u00e4 t\u00f6it\u00e4 laboratorioomme jyrsitt\u00e4v\u00e4ksi tai printattavaksi, pyyd\u00e4mme l\u00e4hett\u00e4m\u00e4\u00e4n ty\u00f6t suojattuun s\u00e4hk\u00f6postiosoitteeseen&nbsp;<a href=\"mailto:cadcam@pureart.fi\">cadcam@pureart.fi<\/a>&nbsp; stl-tiedostomuodossa.<\/p>\n<\/div><figure class=\"wp-block-media-text__media\"><img loading=\"lazy\" decoding=\"async\" width=\"512\" height=\"512\" src=\"http:\/\/77.240.19.29\/~pureartfi\/wp-content\/uploads\/2024\/11\/stl_purple.png\" alt=\"\" class=\"wp-image-551 size-full\" srcset=\"https:\/\/pureart.fi\/wp-content\/uploads\/2024\/11\/stl_purple.png 512w, https:\/\/pureart.fi\/wp-content\/uploads\/2024\/11\/stl_purple-300x300.png 300w, https:\/\/pureart.fi\/wp-content\/uploads\/2024\/11\/stl_purple-150x150.png 150w\" sizes=\"auto, (max-width: 512px) 100vw, 512px\" \/><\/figure><\/div>\n\n\n\n<div style=\"height:20px\" aria-hidden=\"true\" class=\"wp-block-spacer\"><\/div>\n\n\n\n<div class=\"wp-block-media-text has-media-on-the-right\" style=\"grid-template-columns:auto 15%\"><div class=\"wp-block-media-text__content\">\n<div style=\"height:15px\" aria-hidden=\"true\" class=\"wp-block-spacer\"><\/div>\n\n\n\n<p>Jos asiassa tulee kysytt\u00e4v\u00e4\u00e4, niin ota yhteytt\u00e4 suoraan CAD\/CAM asiantuntijaamme puhelimitse. Autamme mielell\u00e4mme digitaaliseen ty\u00f6nkulkuun liittyviss\u00e4 asioissa: <strong>040 6682200<\/strong><\/p>\n<\/div><figure class=\"wp-block-media-text__media\"><img loading=\"lazy\" decoding=\"async\" width=\"150\" height=\"150\" src=\"http:\/\/77.240.19.29\/~pureartfi\/wp-content\/uploads\/2024\/11\/telephone_purp-150x150.png\" alt=\"\" class=\"wp-image-553 size-thumbnail\" srcset=\"https:\/\/pureart.fi\/wp-content\/uploads\/2024\/11\/telephone_purp-150x150.png 150w, https:\/\/pureart.fi\/wp-content\/uploads\/2024\/11\/telephone_purp-300x300.png 300w, https:\/\/pureart.fi\/wp-content\/uploads\/2024\/11\/telephone_purp-768x768.png 768w, https:\/\/pureart.fi\/wp-content\/uploads\/2024\/11\/telephone_purp.png 980w\" sizes=\"auto, (max-width: 150px) 100vw, 150px\" \/><\/figure><\/div>\n\n\n\n<hr class=\"wp-block-separator has-alpha-channel-opacity\"\/>\n\n\n\n<h3 class=\"wp-block-heading\">K\u00e4yt\u00f6ss\u00e4mme olevat laitteet:<\/h3>\n\n\n\n<div style=\"height:20px\" aria-hidden=\"true\" class=\"wp-block-spacer\"><\/div>\n\n\n\n<div class=\"wp-block-media-text is-stacked-on-mobile\" style=\"grid-template-columns:37% auto\"><figure class=\"wp-block-media-text__media\"><img loading=\"lazy\" decoding=\"async\" width=\"300\" height=\"150\" src=\"https:\/\/pureart.fi\/wp-content\/uploads\/2024\/11\/DWX-52DCi-300x150-1.jpg\" alt=\"\" class=\"wp-image-560 size-full\"\/><\/figure><div class=\"wp-block-media-text__content\">\n<p><a href=\"https:\/\/www.rolanddga.com\/support\/products\/dental-cad-cam\/dwx-52dci-5-axis-dental-mill-with-automatic-disc-changer\">Roland DWX-52DCi \u2013 KUIVAJYRSIN esim. Zirkonia-, PMMA- ja vahaty\u00f6t<\/a><\/p>\n<\/div><\/div>\n\n\n\n<div style=\"height:20px\" aria-hidden=\"true\" class=\"wp-block-spacer\"><\/div>\n\n\n\n<div class=\"wp-block-media-text is-stacked-on-mobile\" style=\"grid-template-columns:37% auto\"><figure class=\"wp-block-media-text__media\"><img loading=\"lazy\" decoding=\"async\" width=\"300\" height=\"200\" src=\"https:\/\/pureart.fi\/wp-content\/uploads\/2024\/11\/DWX-42W-300x200-1.jpg\" alt=\"\" class=\"wp-image-565 size-full\"\/><\/figure><div class=\"wp-block-media-text__content\">\n<p><a href=\"https:\/\/dgshape.com\/eu\/dwx-42w-dental-wet-milling-machine-eu\/\" data-type=\"link\" data-id=\"https:\/\/dgshape.com\/eu\/dwx-42w-dental-wet-milling-machine-eu\/\">Roland DWX-42W \u2013 M\u00e4rk\u00e4jyrsin, lasikeramiakruunut, yksil\u00f6lliset jatkeet<\/a><\/p>\n<\/div><\/div>\n\n\n\n<div style=\"height:20px\" aria-hidden=\"true\" class=\"wp-block-spacer\"><\/div>\n\n\n\n<div class=\"wp-block-media-text is-stacked-on-mobile\" style=\"grid-template-columns:37% auto\"><figure class=\"wp-block-media-text__media\"><img loading=\"lazy\" decoding=\"async\" width=\"225\" height=\"225\" src=\"https:\/\/pureart.fi\/wp-content\/uploads\/2024\/11\/jokuvehje.jpg\" alt=\"\" class=\"wp-image-570 size-full\" srcset=\"https:\/\/pureart.fi\/wp-content\/uploads\/2024\/11\/jokuvehje.jpg 225w, https:\/\/pureart.fi\/wp-content\/uploads\/2024\/11\/jokuvehje-150x150.jpg 150w\" sizes=\"auto, (max-width: 225px) 100vw, 225px\" \/><\/figure><div class=\"wp-block-media-text__content\">\n<p><a href=\"https:\/\/zirkonzahn.com\/en\/cad-cam-systems\/m2-milling-unit-series\/milling-unit-m2\" data-type=\"link\" data-id=\"https:\/\/zirkonzahn.com\/en\/cad-cam-systems\/m2-milling-unit-series\/milling-unit-m2\">Zirkonzahn M2 Teleskoper \u2013 kaikki materiaalit, mm. huippulaadukkaat Titaani ja CoCr rungot<\/a><\/p>\n<\/div><\/div>\n\n\n\n<div style=\"height:20px\" aria-hidden=\"true\" class=\"wp-block-spacer\"><\/div>\n\n\n\n<div class=\"wp-block-media-text is-stacked-on-mobile\" style=\"grid-template-columns:37% auto\"><figure class=\"wp-block-media-text__media\"><img loading=\"lazy\" decoding=\"async\" width=\"300\" height=\"119\" src=\"https:\/\/pureart.fi\/wp-content\/uploads\/2024\/11\/Asiga-300x119-1.jpg\" alt=\"\" class=\"wp-image-572 size-full\"\/><\/figure><div class=\"wp-block-media-text__content\">\n<p><a href=\"https:\/\/myaccount.asiga.com\/products\/printers\/max_series\/max\/\" data-type=\"link\" data-id=\"https:\/\/myaccount.asiga.com\/products\/printers\/max_series\/max\/\">Asiga Max DLP 3D tulostin \u2013 Purentakiskot, mallit, implanttiohjurit yms.<\/a><\/p>\n<\/div><\/div>\n\n\n\n<div style=\"height:50px\" aria-hidden=\"true\" class=\"wp-block-spacer\"><\/div>\n\n\n\n<p class=\"has-text-align-center\">Voit l\u00e4hett\u00e4\u00e4 viesti\u00e4 tai ty\u00f6h\u00f6n liittyvi\u00e4 kuvia k\u00e4ytt\u00e4en seuraavia kanavia:<br><strong>040 6682200<\/strong><\/p>\n\n\n\n<div class=\"wp-block-columns is-layout-flex wp-container-core-columns-is-layout-9d6595d7 wp-block-columns-is-layout-flex\">\n<div class=\"wp-block-column is-layout-flow wp-block-column-is-layout-flow\"><div class=\"wp-block-image\">\n<figure class=\"aligncenter size-full is-resized\"><img loading=\"lazy\" decoding=\"async\" width=\"512\" height=\"161\" src=\"http:\/\/77.240.19.29\/~pureartfi\/wp-content\/uploads\/2024\/11\/image.png\" alt=\"\" class=\"wp-image-577\" style=\"width:262px;height:82px\" srcset=\"https:\/\/pureart.fi\/wp-content\/uploads\/2024\/11\/image.png 512w, https:\/\/pureart.fi\/wp-content\/uploads\/2024\/11\/image-300x94.png 300w\" sizes=\"auto, (max-width: 512px) 100vw, 512px\" \/><\/figure>\n<\/div><\/div>\n\n\n\n<div class=\"wp-block-column is-layout-flow wp-block-column-is-layout-flow\"><div class=\"wp-block-image\">\n<figure class=\"aligncenter size-large is-resized\"><img loading=\"lazy\" decoding=\"async\" width=\"1024\" height=\"282\" src=\"http:\/\/77.240.19.29\/~pureartfi\/wp-content\/uploads\/2024\/11\/image-3-1024x282.png\" alt=\"\" class=\"wp-image-580\" style=\"width:283px;height:78px\" srcset=\"https:\/\/pureart.fi\/wp-content\/uploads\/2024\/11\/image-3-1024x282.png 1024w, https:\/\/pureart.fi\/wp-content\/uploads\/2024\/11\/image-3-300x83.png 300w, https:\/\/pureart.fi\/wp-content\/uploads\/2024\/11\/image-3-768x211.png 768w, https:\/\/pureart.fi\/wp-content\/uploads\/2024\/11\/image-3.png 1200w\" sizes=\"auto, (max-width: 1024px) 100vw, 1024px\" \/><\/figure>\n<\/div><\/div>\n<\/div>\n","protected":false},"excerpt":{"rendered":"<p>Pyyd\u00e4 hinnasto Hammaslaboratoriossa k\u00e4yt\u00f6ss\u00e4mme on kolme huippulaadukasta jyrsint\u00e4 ja 3D-tulostin, joiden avulla valmistamme t\u00f6it\u00e4 useista eri materiaaleista. Teemme jyrsint\u00e4-, printtaus- ja CAD-suunnittelut\u00f6it\u00e4 my\u00f6s alihankintana. K\u00e4yt\u00e4mme t\u00f6iss\u00e4 vain CE- hyv\u00e4ksyttyj\u00e4 ja yleisesti laadukkaiksi todettuja materiaaleja mm. seuraavilta valmistajilta: Straumann, Medentika, Ivoclar Vivadent, ZirkonZahn, Vita, Gc. CAD-suunnittelussa k\u00e4yt\u00e4mme 3Shape-ohjelmistoa. Voit muodostaa yhteyden [&hellip;]<\/p>\n","protected":false},"author":2,"featured_media":411,"parent":0,"menu_order":0,"comment_status":"closed","ping_status":"closed","template":"","meta":{"_improvement_type_select":"improve_an_existing","_thumb_yes_seoaic":false,"_frame_yes_seoaic":false,"seoaic_generate_description":"","seoaic_improve_instructions_prompt":"","seoaic_rollback_content_improvement":"","seoaic_idea_thumbnail_generator":"","thumbnail_generated":false,"thumbnail_generate_prompt":"","seoaic_article_description":"","footnotes":""},"class_list":["post-49","page","type-page","status-publish","has-post-thumbnail","hentry"],"_links":{"self":[{"href":"https:\/\/pureart.fi\/index.php?rest_route=\/wp\/v2\/pages\/49","targetHints":{"allow":["GET"]}}],"collection":[{"href":"https:\/\/pureart.fi\/index.php?rest_route=\/wp\/v2\/pages"}],"about":[{"href":"https:\/\/pureart.fi\/index.php?rest_route=\/wp\/v2\/types\/page"}],"author":[{"embeddable":true,"href":"https:\/\/pureart.fi\/index.php?rest_route=\/wp\/v2\/users\/2"}],"replies":[{"embeddable":true,"href":"https:\/\/pureart.fi\/index.php?rest_route=%2Fwp%2Fv2%2Fcomments&post=49"}],"version-history":[{"count":52,"href":"https:\/\/pureart.fi\/index.php?rest_route=\/wp\/v2\/pages\/49\/revisions"}],"predecessor-version":[{"id":631,"href":"https:\/\/pureart.fi\/index.php?rest_route=\/wp\/v2\/pages\/49\/revisions\/631"}],"wp:featuredmedia":[{"embeddable":true,"href":"https:\/\/pureart.fi\/index.php?rest_route=\/wp\/v2\/media\/411"}],"wp:attachment":[{"href":"https:\/\/pureart.fi\/index.php?rest_route=%2Fwp%2Fv2%2Fmedia&parent=49"}],"curies":[{"name":"wp","href":"https:\/\/api.w.org\/{rel}","templated":true}]}}